{"version":"1.0","provider_name":"Estela Exclusive Homes","provider_url":"https:\/\/estelaexclusivehomes.com\/de\/","author_name":"Estela Exclusive Homes","author_url":"https:\/\/estelaexclusivehomes.com\/de\/","title":"Kamini - Estela Exclusive Homes","type":"rich","width":600,"height":338,"html":"<blockquote class=\"wp-embedded-content\" data-secret=\"pho6seQAwV\"><a href=\"https:\/\/estelaexclusivehomes.com\/de\/property\/neue-entwicklung-in-cala-vadella-kamini\/\">Kamini<\/a><\/blockquote><iframe sandbox=\"allow-scripts\" security=\"restricted\" src=\"https:\/\/estelaexclusivehomes.com\/de\/property\/neue-entwicklung-in-cala-vadella-kamini\/embed\/#?secret=pho6seQAwV\" width=\"600\" height=\"338\" title=\"&#8222;Kamini&#8220; &#8211; Estela Exclusive Homes\" data-secret=\"pho6seQAwV\" frameborder=\"0\" marginwidth=\"0\" marginheight=\"0\" scrolling=\"no\" class=\"wp-embedded-content\"><\/iframe><script type=\"text\/javascript\">\n\/* <![CDATA[ *\/\n\/*! This file is auto-generated *\/\n!function(d,l){\"use strict\";l.querySelector&&d.addEventListener&&\"undefined\"!=typeof URL&&(d.wp=d.wp||{},d.wp.receiveEmbedMessage||(d.wp.receiveEmbedMessage=function(e){var t=e.data;if((t||t.secret||t.message||t.value)&&!\/[^a-zA-Z0-9]\/.test(t.secret)){for(var s,r,n,a=l.querySelectorAll('iframe[data-secret=\"'+t.secret+'\"]'),o=l.querySelectorAll('blockquote[data-secret=\"'+t.secret+'\"]'),c=new RegExp(\"^https?:$\",\"i\"),i=0;i<o.length;i++)o[i].style.display=\"none\";for(i=0;i<a.length;i++)s=a[i],e.source===s.contentWindow&&(s.removeAttribute(\"style\"),\"height\"===t.message?(1e3<(r=parseInt(t.value,10))?r=1e3:~~r<200&&(r=200),s.height=r):\"link\"===t.message&&(r=new URL(s.getAttribute(\"src\")),n=new URL(t.value),c.test(n.protocol))&&n.host===r.host&&l.activeElement===s&&(d.top.location.href=t.value))}},d.addEventListener(\"message\",d.wp.receiveEmbedMessage,!1),l.addEventListener(\"DOMContentLoaded\",function(){for(var e,t,s=l.querySelectorAll(\"iframe.wp-embedded-content\"),r=0;r<s.length;r++)(t=(e=s[r]).getAttribute(\"data-secret\"))||(t=Math.random().toString(36).substring(2,12),e.src+=\"#?secret=\"+t,e.setAttribute(\"data-secret\",t)),e.contentWindow.postMessage({message:\"ready\",secret:t},\"*\")},!1)))}(window,document);\n\/* ]]> *\/\n<\/script>\n","thumbnail_url":"https:\/\/estelaexclusivehomes.com\/wp-content\/uploads\/2025\/09\/a0E5I000000g1FYUAY-01_resultado.jpg","thumbnail_width":1078,"thumbnail_height":720,"description":"Diese helle und einladende Residenz an der S\u00fcdwestk\u00fcste Ibizas bietet die perfekte Balance zwischen Leben am Meer und Komfort. Mit ihrer gro\u00dfz\u00fcgigen Terrasse, integrierter Klimaanlage und raffinierten Details wie Verdunkelungsrolll\u00e4den und Sonnenschutz ist das Haus darauf ausgelegt, den Lebensstil der Insel m\u00fchelos zu genie\u00dfen. Die Lage ist wirklich au\u00dfergew\u00f6hnlich. Direkt am Meer gelegen, bietet die [...]Weiterlesen..."}

Diese helle und einladende Residenz an der Südwestküste Ibizas bietet die perfekte Balance zwischen Leben am Meer und Komfort. Mit ihrer großzügigen Terrasse, integrierter Klimaanlage und raffinierten Details wie Verdunkelungsrollläden und Sonnenschutz ist das Haus darauf ausgelegt, den Lebensstil der Insel mühelos zu genießen. Die Lage ist wirklich außergewöhnlich. Direkt am Meer gelegen, bietet die [...]Weiterlesen...
